rs of t(h).
2, 11
Suppose -2*h + j - 12 = -3*j, 0 = 3*h + 3*j - 27. Suppose 1470 = 3*b + h*b. Suppose -g + 4*p = -42, -3*p + b = 5*g - p. What are the prime factors of g?
2, 3, 7
Suppose -267*m = -254*m - 23088. What are the prime factors of m?
2, 3, 37
Suppose -11*x + 9*x = 3*n - 1824, 3*n = 0. List the prime factors of x.
2, 3, 19
Let x = 6123 + -4262. List the prime factors of x.
1861
Suppose -2*y - 2*i = -20, 0 = -7*y + 4*y + 4*i - 5. Let z be (-139)/(-4) + 2/8. Suppose y*s = 105 + z. List the prime factors of s.
2, 7
Suppose 1805 = 11*s - 98. List the prime factors of s.
173
Let l = 9 + -5. Suppose 2*a - 13 = t - 16, 0 = 3*t - a - 14. Suppose l*s - t*s + 22 = 0. What are the prime factors of s?
2, 11
Let l(p) = -p**3 + 9*p**2 + p - 7. Let d be 7 + (4 - 4/2). Let o be l(d). Suppose 2*b + o*q - 100 = 0, 3*b + q - 91 = 53. What are the prime factors of b?
47
Suppose -5*r + c = 70 - 542, 480 = 5*r - 5*c. Suppose -l - 2*q = -138, -r - 172 = -2*l + q. Suppose l = 4*b + 54. What are the prime factors of b?
2, 5
Let x(r) = 3*r**2 - 22*r + 17. What are the prime factors of x(9)?
2, 31
Let w = 2 + 0. Let o = w - 2. Suppose 2*c + 3*c - 50 = o. What are the prime factors of c?
2, 5
Suppose 2*t + 18 = l + l, 0 = -5*l + 4*t + 41. Suppose 2*p - 213 = -o + 4*o, 393 = 4*p + l*o. List the prime factors of p.
2, 3, 17
Let r(b) = 502*b + 138. What are the prime factors of r(5)?
2, 331
Suppose -2*d = 30 + 2. Let l = d - -18. Suppose -l = -2*j + 18. What are the prime factors of j?
2, 5
Let q be ((-3)/(-6))/(-3*(-4)/(-2664)). What are the prime factors of (-5 - (-1 + q)) + -3?
2, 13
What are the prime factors of (-1 - -3)*(-20)/((-600)/315)?
3, 7
Let j be (8/3)/(14/21). Let d be j - (4 - 22)/2. Let l = 21 - d. List the prime factors of l.
2
Suppose -42 - 48 = -3*i. Suppose -6*v - i = -9*v. What are the prime factors of (8/v)/((-20)/(-850))?
2, 17
Suppose 27 = 4*a - p, 4*p + 0*p + 24 = 4*a. Let z be (4 - a) + -18 + -2. Let c = 25 - z. What are the prime factors of c?
2, 3
Suppose -45*p + 32428 = -p. What are the prime factors of p?
11, 67
Suppose -4*o - 253 = -261. Suppose o*b = 6, -5*x = -3*x + 4*b - 726. List the prime factors of x.
3, 7, 17
Let o(b) = -2*b + 2. Let f(a) = -9*a + 8. Let z(r) = 6*f(r) - 26*o(r). What are the prime factors of z(-5)?
2, 3
Let h be 3 - (0/(-4))/(-3). Suppose -12*l = -h*l - 387. What are the prime factors of l?
43
Let d(y) = -y**3 - 4*y**2 + 3*y + 11. Let a(n) = -n**2 - 12*n + 8. Let t be a(-13). What are the prime factors of d(t)?
3, 7
Let c(g) = 23*g**2 + g. Let d be (-1)/(-4)*(-16)/4. List the prime factors of c(d).
2, 11
Let d(a) be the second derivative of -2*a**3/3 - a. Let z be d(-8). Let l = z + 9. List the prime factors of l.
41
Let q = -87 + 177. Suppose -8*r - q = -6*r. Let s = r - -81. List the prime factors of s.
2, 3
Suppose 2*x - 81 = 6*y - 5*y, 0 = 5*x - 4*y - 207. What are the prime factors of x?
3, 13
Suppose 3*m - 5831 = 8017. List the prime factors of m.
2, 577
Suppose -5*s - x = -14019, 23*s - 20*s = -x + 8413. What are the prime factors of s?
2803
Suppose 0 = -2*y + l + 537, 11 = y - 2*l - 253. What are the prime factors of y?
2, 3, 5
Let x be (-3)/(-6)*2*4. Let y be ((-2)/x)/(3/(-30)). Suppose -4*b + 100 = -c, b + y*c - c = 25. What are the prime factors of b?
5
Let d be (2/((-2)/5))/1. Let g = d - -9. Suppose 0 = f - g - 8. List the prime factors of f.
2, 3
Let a(s) = 3*s**2 - 3*s + 3. Let z be a(3). Suppose -z = -5*u + 4. Suppose u*h - 5*c = 250, 3*c + 31 = 4*h - 169. What are the prime factors of h?
2, 5
What are the prime factors of (82/3 + -5)*(-18)/(-2)?
3, 67
Let g = -6 - -4. Let f be 3 + (-17 + 0 - g). What are the prime factors of f*(-4)/3 - 3?
13
Let l be -2 - (2 + -2) - -2. Let b(i) = i - 7. Let y be b(10). Let q = y + l. List the prime factors of q.
3
Suppose -9*z + 15402 = 3*k - 11*z, -k - 2*z = -5134. List the prime factors of k.
2, 17, 151
Let c(h) = -68*h + 66 + 194*h - 52 - 29. List the prime factors of c(2).
3, 79
Suppose 54 = 24*g - 18*g. Suppose -4*p + 3*v + 406 = -263, 3*v = -g. What are the prime factors of p?
3, 5, 11
What are the prime factors of (-9)/(54/(-4326)) - 9?
2, 89
What are the prime factors of (591/(-18)*2)/((-15)/945)?
3, 7, 197
Let z(v) = -v - 20 + 20 - 3*v. Let b be z(4). Let u = 3 - b. List the prime factors of u.
19
Let y(n) = -n**2 - 7*n + 21. Let f be y(-9). Suppose -f*o = o - 16. Suppose -o*c - 36 = -2*k + 2, -2*c = -5*k + 87. What are the prime factors of k?
17
Let w = -46 + 43. Let g(s) = 11*s**2 + 2*s. What are the prime factors of g(w)?
3, 31
Suppose 2769 - 13839 = -9*k. List the prime factors of k.
2, 3, 5, 41
Suppose h + 4*m = 3 - 45, 3*h + 147 = -5*m. Let n = 156 + h. What are the prime factors of n?
2, 3, 17
Let b(h) = -8*h - 25. Suppose 3*l + 29 = -19. List the prime factors of b(l).
103
Suppose 4*u + 5*l - 300 = 0, -2*u - 5*l + 144 = -l. Suppose -5*o + 11 = -14. Suppose -o*a + d = -88, 4*a + 0*d - u = 4*d. What are the prime factors of a?
17
Let o = 744 - 247. What are the prime factors of o?
7, 71
Suppose -y + z + 7 = -0*y, -4 = 3*y + 2*z. Suppose 2*h - 1233 = -5*x, -3*h = 2*x - y*h - 493. What are the prime factors of x?
13, 19
Let k(z) = 28*z + 16. Let l(y) = y + 1. Let b(j) = k(j) - 10*l(j). What are the prime factors of b(6)?
2, 3, 19
Let g(s) = -26*s**3 - 5*s**2 - 7*s + 10. List the prime factors of g(-3).
2, 43
Suppose -5*d = 3*i - 1566, -5*d + 0*i + 1563 = 4*i. List the prime factors of d.
3, 5, 7
Suppose 2*c + 1480 = 2*l - c, -l - 4*c = -751. What are the prime factors of l?
743
Suppose -5*w - 135 = 60. Suppose -5*o + 299 = 3*c, -5*c - 295 + 20 = -5*o. Let q = w + o. List the prime factors of q.
19
Let a be 16/(-20)*(0 + -5). Let j(r) = 4*r**2 - 2 - r**2 + r + 1 - a*r. What are the prime factors of j(5)?
59
Suppose j = 3*u - u + 5, 4*j + 8 = u. What are the prime factors of (1084/(-3))/u - (-12)/18?
7, 13
Suppose -235 = -5*x + 160. Suppose 2*y = 11 + x. Let j = y - 18. What are the prime factors of j?
3
Let x(v) = 31*v**2 + 1. Suppose 0 = 5*s - 26 + 16. What are the prime factors of x(s)?
5
Let s = -11 + 263. List the prime factors of s.
2, 3, 7
Let s(b) = b**2 + 2*b. Let o be s(-2). Suppose o*g = -2*g + 118. List the prime factors of g.
59
Let z(w) = 44*w**3 + 3*w**2 + 11*w - 12. What are the prime factors of z(3)?
2, 3, 103
What are the prime factors of (2139/372)/(0 - (-2)/56)?
7, 23
Let h = -40 - -42. Suppose -4*s = g - 12 - h, -g + 50 = -5*s. List the prime factors of g.
2, 3, 5
Suppose -3*h + 5*k + 0*k = 8, k = h. List the prime factors of (858/(-165))/(2/(h*-10)).
2, 13
Let k = 70 - 67. Suppose 4*v - 160 = -2*i, k*i + 2*v - 5*v - 249 = 0. List the prime factors of i.
2, 41
Let f = 12 + -12. Suppose 3*y + f - 6 = 0. List the prime factors of (10/5)/(y/27).
3
Let x be 20*13*(-1)/4. Let b = x + 101. What are the prime factors of b?
2, 3
Let a(r) = r**3 + 14*r**2 + 9*r + 13. Let d be a(-11). Let z = d + -151. List the prime factors of z.
2, 3, 7
Suppose -5*k = 2*d - 60, 0 = -3*k - k - 5*d + 65. Suppose -6*c + k = -c. Suppose -c*w - l + 88 = l, w = 2*l + 56. List the prime factors of w.
2, 3
Let o(c) = -3*c**3 + 2*c**2 + c. Let q be (-8)/(-5)*20/8. Suppose 2 = -q*w + 3*w. List the prime factors of o(w).
2, 3, 5
Suppose 0 = 88*s - 63*s - 26700. What are the prime factors of s?
2, 3, 89
Let w(l) = -516*l**3 + 14*l**2 - 3*l + 23. Let u(i) = -172*i**3 + 5*i**2 - i + 8. Let r(k) = 17*u(k) - 6*w(k). What are the prime factors of r(1)?
2, 43
Suppose 14 = d + 15. Let w(p) = -126*p + 6. List the prime factors of w(d).
2, 3, 11
Suppose -2*m + 9448 = 4*t, -4*m - 2353 = -t - 9*m. What are the prime factors of t?
17, 139
Suppose z = -2*n + 34 + 14, -3*n + 94 = 2*z. Suppose 5*l - 11 = 14. Suppose z = -f + l*f. List the prime factors of f.
11
Let s(z) = -z**3 + 6*z**2 + 2*z - 8. Let d be s(6). Suppose d*o = -i + 16, 0 = i + o - 2 + 1. Let b(t) = t**2 + 4*t + 3. List the prime factors of b(i).
3
Let v = 926 + -209. What are the prime factors of v?
3, 239
Let r(f) = -f**3 + 3*f**2 + 13*f - 5. Let g be r(5). Let n = -8 - -13. Suppose 2*p + 214 = 5*j, 5*j + g*p - n*p = 235. What are the prime factors of j?
2, 11
Let f(v) = -v**2 + 6*v - 30. Let i be f(8). Let b = i - -65. List the prime factors of b.
19
Suppose -8*j = -9*j - 5, 4*z + 5*j = 1839. List the prim